 - -653. Let k(r) = r**2 + 5*r + 3. Calculate the remainder when c is divided by k(-5).
2
Let u(g) = g**2 + 13*g + 4. Let l be u(-13). Let q(w) = 5*w - 2. Let r be q(l). Let h = 5 + r. Calculate the remainder when 90 is divided by h.
21
Let j be 4/((-4)/(-25))*(-28)/(-10). Suppose 0 = -10*i + 5*i + j. Calculate the remainder when 96 is divided by i.
12
Let i(k) = 3*k + 29. Let b be i(14). Suppose 5*w - 159 = b. What is the remainder when w is divided by 16?
14
Suppose 4*d - t - 253 = 0, 11*d - 2*t = 10*d + 58. Calculate the remainder when 140 is divided by d.
12
Let s(y) = -y + 0 - 1 - 8*y - 8*y. Let t(f) = -f**2 - 4*f + 9. Calculate the remainder when s(-2) is divided by t(0).
6
Let v(i) = -i**2 - 14*i + 2. Suppose 0*u + 7 = 2*u - a, 5 = -2*u + 5*a. Let q = u - 11. Calculate the remainder when v(q) is divided by 13.
11
Let t = -11 + 36. Suppose -t = 2*x - 109. Suppose 2*i - x = -i. What is the remainder when 27 is divided by i?
13
Suppose w - 2 = -1. What is the remainder when 47/w - 5*24/40 is divided by 13?
5
Let a = 76 + -44. Calculate the remainder when 58 is divided by a.
26
Let j = -13 + 18. Let p be 2/6 + 40/(-30). Calculate the remainder when (-3 + p - 9)/(-1) is divided by j.
3
Let g(k) = 2*k**3 - 7*k**2 + 11. Let d = 35 + -30. Calculate the remainder when g(d) is divided by 22.
20
Let f(q) = -6*q + 20. Let t(v) = -4*v**2 - 23*v - 3. Let w be t(-6). What is the remainder when f(w) is divided by 26?
22
Let y(f) = f**3 - 24*f**2 + 82*f - 22. Calculate the remainder when 6/21 - 229/(-7) is divided by y(20).
15
Suppose -l - j = -10, 9*l - 12*l - j = -22. Calculate the remainder when 370 is divided by l.
4
Calculate the remainder when 137 is divided by 7 - (-19 - 3) - (1 - -4).
17
Let z be (-8)/(-28) - 38/(-14). Suppose b - 3*g = -0*g + 15, 9 = -z*g. What is the remainder when 15 is divided by b?
3
Let o(h) = -h**2 + 11*h + 31. Calculate the remainder when 43 is divided by o(13).
3
Calculate the remainder when 21024/54 - 2/6 is divided by 98.
95
Suppose -30*h + 540 = -15*h. Calculate the remainder when 133 is divided by h.
25
Let w(l) = -l**2 - 5*l + 7. Calculate the remainder when 39 is divided by w(-4).
6
Let n = -17 + 29. Let l = 0 + 7. What is the remainder when n is divided by l?
5
Suppose 0 = n + 13 - 19. Let d be (-1 - 3/(-5))*-5. Let i(f) = 2*f**2 - 4*f + 3. What is the remainder when n is divided by i(d)?
0
Suppose -5*j = -20, 3*j - 11 - 9 = 4*s. What is the remainder when (-165)/(-4) + s/(-24)*-3 is divided by 9?
5
Let y = -566 - -1499. What is the remainder when y is divided by 26?
23
Let j be (1 + 6)*(-160)/(-112). What is the remainder when 32 is divided by j + -6 + 4 + 1?
5
Calculate the remainder when 208 is divided by 816/11 + (-120)/660.
60
Let b be 1/(3/(-3 + -6)). Let r(j) = j**2 + 3. Calculate the remainder when 17 is divided by r(b).
5
Suppose -2*f = f + 75. Let b = 33 + f. Calculate the remainder when 29 is divided by b.
5
Let v(p) = 40*p**2 - 3*p - 4. Let w be v(-1). Suppose 2*h - w + 1 = 0. Calculate the remainder when h is divided by 5.
4
Suppose 0 = 3*u - 0*u - 69. Calculate the remainder when 62*(3 + -2)*1 is divided by (11 - 12) + (u - 1).
20
Suppose 7 = m + 15. Let t be m/12 - (-4)/6. Suppose u - 4 - 18 = t. Calculate the remainder when u is divided by 8.
6
Let w(l) = -20*l - 459. Let d(g) = -g**3 - 6*g**2 + 2. Calculate the remainder when d(-6) is divided by w(-23).
0
Let f(z) = -z**3 - 4*z**2 - z + 6. Let j be f(-3). Suppose j = -h + 2*b + 2*b + 119, h - 119 = -5*b. Calculate the remainder when h is divided by 30.
29
Suppose 0 = 4*g - 0*g + 12. Calculate the remainder when (g*1)/((-2)/12) is divided by ((-3)/(7 + -1))/(6/252*-3).
4
Let j(f) = -f**2 - 5*f + 5. Let h(a) = a**3 + a**2 + 2. Let p be h(0). Calculate the remainder when p/(-3) + 621/81 is divided by j(-5).
2
Let m = 816 - 372. What is the remainder when m is divided by 90?
84
Let x = -80 - -92. Suppose -5*l = 101 - 521. Let q = -50 + l. Calculate the remainder when q is divided by x.
10
Let b = 6 + -9. Let k(d) be the second derivative of -11*d**3/6 - 9*d**2/2 - 8*d. What is the remainder when 93 is divided by k(b)?
21
Let f(m) be the second derivative of m**4/12 - m**3/2 + 10*m**2 + 13*m. What is the remainder when f(9) is divided by 38?
36
Let h(z) = -548*z - 52. What is the remainder when h(-1) is divided by 84?
76
Let a(c) = 5*c**2 - 2. Let f be a(-3). Let d = f - 33. Calculate the remainder when 47 is divided by d.
7
Suppose 0 = -n + 12 - 7, -119 = -16*t + 5*n. Suppose 0 = 4*f - 5*s - 507, -217 = -5*f - 5*s + 383. What is the remainder when f is divided by t?
6
What is the remainder when 308 is divided by 51/153*(116 - -1)?
35
Let m(r) = -5*r + 70. Calculate the remainder when m(-24) is divided by 39.
34
Suppose q + 20 = 5*q. Suppose -24*m = -37*m + 247. Let d = m - q. What is the remainder when 53 is divided by d?
11
Let f(z) = 4*z**2 - 3*z + 20. Calculate the remainder when 89 is divided by f(0).
9
Let u be (-1 - 1) + 1 - 279. Let d = u + 392. What is the remainder when d is divided by 38?
36
Let o = -11 + -17. Let v = o - -64. Suppose 2*w = -t + 27, 0 = -3*w + w + t + 25. What is the remainder when v is divided by w?
10
Suppose 2*y - 135 = -5*i - 2*y, 82 = 4*i - 2*y. Calculate the remainder when i is divided by 15.
8
Suppose d - 21 = -3*c, -4*d + c - 10 = -68. What is the remainder when d is divided by (-18)/(-3)*((-14)/6 + 3)?
3
Suppose -213*p = -214*p + 19. What is the remainder when 73 is divided by p?
16
Suppose -193*i + 194*i = 48. Calculate the remainder when i is divided by 2.
0
Let a(h) = -h**2 - 15*h - 15. Calculate the remainder when a(-8) is divided by 9.
5
Let p(k) = 14*k - 3. Suppose -237 - 71 = -28*c. What is the remainder when p(3) is divided by c?
6
Let h = -56 - -69. Calculate the remainder when 101 is divided by h.
10
Suppose 0*c + 6 = 3*c. Suppose -32 = -c*f - 2*f. Suppose 45 = 5*s - 25. Calculate the remainder when s is divided by f.
6
Let z(c) be the third derivative of -c**6/120 - c**5/6 + 11*c**4/24 + c**3/2 - 22*c**2. Calculate the remainder when 13 is divided by z(-11).
1
Calculate the remainder when (-6)/(1890/(-235) + 8) is divided by 17.
5
Let q(d) = -16*d - 7. Let n(y) = -1. Let f(j) = -n(j) + q(j). Calculate the remainder when f(-5) is divided by 25.
24
Let t be (-5)/(15/4) + (-62)/(-6). Let k(x) = -x**3 + 12*x**2 - 16*x - 1. Calculate the remainder when k(t) is divided by 25.
23
Suppose -2*w + 4*w = 2*a - 68, 37 = a - 4*w. What is the remainder when 37 is divided by a?
4
Suppose 5*l - 155 = -0*l. Suppose 0 = -v + l + 10. Calculate the remainder when v is divided by (4 + -4)*(-4)/4 - -21.
20
Let x be (2/3)/((6/(-27))/2). What is the remainder when (256/24)/((-4)/x) is divided by 3?
1
Let j be (-51)/(-9) - 4/6. Suppose 73 = 2*o + o - 4*x, 2*x = j*o - 117. What is the remainder when 66 is divided by o?
20
Suppose l - 2*k = 76, -5*l = 4*k + 5 - 357. What is the remainder when l is divided by 43?
29
Suppose -335 = -2*d - 85. What is the remainder when d is divided by 64?
61
Let u = 35 - 6. Let k = -6 + u. Let g(y) = -y**3 + y**2 + y + 44. What is the remainder when g(0) is divided by k?
21
Let y(m) = 2*m + 12*m**2 - 11*m**2 + 3 + 3*m. Let r be y(-7). Suppose w + 0*w - 5 = 0, -r = -4*j + 3*w. What is the remainder when 23 is divided by j?
7
Suppose 0 = 2*k - 4*k - 4*r + 4788, -2*r - 10 = 0. What is the remainder when k is divided by 83?
80
Let a = -68 + 76. Let f = 42 + -24. Let v = -4 + f. Calculate the remainder when v is divided by a.
6
Let h(a) = 23*a - 41. Let v(q) = 11*q - 20. Let k(g) = -3*h(g) + 7*v(g). Suppose 0 = -4*l + 5 + 51. What is the remainder when k(7) is divided by l?
11
Let m(d) = -d**2 - 2*d + 32. Let u(i) = i - 4. Let z be u(6). Suppose -q - 4*w + 16 = z*q, -w = 5*q - 4. Calculate the remainder when m(q) is divided by 9.
5
Let o(r) = -19*r + 11. Let c be o(2). Let u(z) = z + 51. Calculate the remainder when u(c) is divided by 7.
3
Suppose -14*d + 5*d = -1377. What is the remainder when d is divided by 34?
17
Suppose -15*i = 5*l - 14*i - 476, 3*l - i = 284. Calculate the remainder when l is divided by 12.
11
Suppose 0 = -5*v - 1 + 11. Suppose -5*f = 2*o - 214, -v*o + 5*f + 212 = -2. Let t = o + -69. Calculate the remainder when t is divided by 13.
12
Let l(v) = 6*v**2 + v - 33. Calculate the